 Let k = -2 + 12. Calculate the highest common divisor of k and c.
10
Suppose 3*y - 42 = -5*b + 2, b = -3*y + 16. Calculate the greatest common divisor of b and 14.
7
Suppose -128 = -d + 3*r, d + 2*r = 6*r + 124. What is the greatest common factor of d and 56?
28
Let f be -3 - 1/((-1)/42). Calculate the greatest common factor of f and 26.
13
Let n = -8 - -16. Suppose -41 = -5*m - 3*p - n, -2*m = -3*p - 9. Suppose -5*t - 7*h = -2*h - 65, 4*h - 4 = 0. Calculate the highest common factor of t and m.
6
Suppose -11 = -5*n + n + 3*v, 0 = 3*n + 2*v - 21. Suppose 0 = 11*s - 6*s - 125. What is the greatest common divisor of s and n?
5
Let y be (3 - 4) + -1 + 4. Suppose 3*b = z - 6*z + 61, 0 = 4*b + 12. Calculate the highest common factor of z and y.
2
Suppose 0 = 3*h - d - 115, -2 - 2 = d. Suppose h = q - 2*k - k, q = k + 31. What is the highest common divisor of 252 and q?
28
Let x(k) = -k**3 - k**2 - k + 39. Let q be x(0). What is the highest common divisor of 13 and q?
13
Let o = 2 + 4. Suppose -o = 2*k, -v + k = -0*v - 75. Let r = 27 + -19. What is the greatest common divisor of r and v?
8
Let s(d) = -d**3 - 6*d**2 - 5*d + 3. Let v be s(-5). Suppose 0 = z + v. Let a be (16/z)/((-1)/27). Calculate the greatest common factor of 18 and a.
18
Let m(d) = 8*d**2 - 13*d - 6. Let b be m(-6). Calculate the highest common divisor of 45 and b.
45
Let q be 1/(((-13)/195)/(24/(-5))). What is the highest common factor of 24 and q?
24
Let y = 141 - 24. Let k be -1*(-6 - (0 + 1)). Let z = 20 - k. What is the greatest common divisor of z and y?
13
Let m = 26 - 18. Let b(y) = y - 2. Let n be b(m). What is the highest common factor of 36 and n?
6
Let g = 4 - 3. Suppose 0*j + 2*j + 16 = 0. Let t be 6 - 0 - j/4. What is the greatest common factor of t and g?
1
Let x(l) = -1 + 3*l - 3*l - 3*l. Let n be x(-3). Suppose 6*j + 96 - 432 = 0. What is the highest common divisor of n and j?
8
Suppose 0 = y + 5*g - g + 8, 0 = -g - 5. What is the greatest common divisor of y and 6?
6
Let p be 3/(-6)*2 + 0. Let i be 444 + (1 - (1 + p)). Suppose 4*s - i = 59. What is the greatest common divisor of s and 18?
18
Suppose -4*t = 5*m - 177 - 85, -m + 202 = 3*t. Suppose -2*r + 4 = -t. Calculate the greatest common divisor of 18 and r.
18
Let b be 8/6*(-42)/(-4). Suppose -37 = -o - 3*j, -2*o + 30 = 5*j - 41. Calculate the greatest common factor of b and o.
14
Suppose -4*a = -3*s - 150, 0 = 3*s - 6. What is the highest common factor of 117 and a?
39
Let t be (-1 - -5)/((-4)/(-66)). Suppose g + t = 3*g. Let d(n) = n**2 - 13*n - 11. Let q be d(14). Calculate the highest common factor of q and g.
3
Suppose 0 = -0*x + 4*x + 88. Let n be 34/9 - x/99. What is the highest common factor of 12 and n?
4
Let r = -234 - -244. Let f(b) = 3*b**2 - 5. Let m be f(5). What is the greatest common factor of r and m?
10
Let q = 111 + 54. Let f(k) be the first derivative of 15*k**4/4 - k**3/3 + k**2/2 + 1. Let n be f(1). Calculate the greatest common divisor of q and n.
15
Suppose 5 = -v - 4*s, 2*s + 0 = -4. Suppose 0 = 2*g + 4*m - 22, -v*g - m + 42 = -4*m. Let j = -3 + g. Calculate the greatest common divisor of j and 20.
10
Suppose -8*v + 9*v - 8 = 0. What is the highest common factor of 32 and v?
8
Let d = 210 + -314. Let m be d/(-10) - 6/(-10). Let c(i) = 18*i - 9. Let h be c(6). What is the greatest common factor of h and m?
11
Suppose -2*h = -3*u + u - 138, -4*h - 4*u + 300 = 0. What is the greatest common divisor of h and 9?
9
Suppose 2*z = -5*j - 2*z - 8, -8 = -4*j + 4*z. Suppose j = -2*f - 2*f + 12. Let d(x) = 3*x - 3. Let g be d(f). Calculate the highest common divisor of g and 54.
6
Let g be (-4)/6 + (-2093)/(-21). Calculate the greatest common divisor of 9 and g.
9
Let d be 4/(-10) - 219/15. Let m(x) = -x - 2. Let y be m(5). Let h = y - d. Calculate the highest common divisor of 48 and h.
8
Suppose -2 = -5*i + 28. What is the greatest common factor of 9 and i?
3
Let f be 5*(-1 + 99/(-15)). Let a = f - -56. Calculate the highest common divisor of 36 and a.
18
Let f(g) = g**3 + 5*g**2 - 4*g - 2. Let c be f(-3). Let d be 4/20 + 1398/10. Suppose d = 4*t - 28. Calculate the highest common factor of c and t.
14
Let a(u) = -u**3 + u**2 - u + 13. Let r be a(0). Let f = -11 + r. Calculate the greatest common divisor of 3 and f.
1
Let j = -89 - -115. Calculate the greatest common factor of 130 and j.
26
Let h be (3/(-4))/((-1)/(-36)). Let q = -11 - h. Calculate the highest common factor of q and 8.
8
Let d = -78 + 88. Calculate the highest common factor of 45 and d.
5
Let g(a) = 4*a**2 + 2*a - 1. Let i be g(1). Suppose 0 = -i*h + 216 + 54. Let p be ((-3)/4)/((-3)/24). What is the greatest common factor of p and h?
6
Suppose 5*h - 47 = 3. Let v = -5 - 3. Let p = v + 13. What is the greatest common divisor of h and p?
5
Let b be -1 - -22 - (-15)/(-5). Let z = b + -11. Suppose 0 = 2*y - 4*y + 70. What is the greatest common factor of y and z?
7
Let h be 3 + (24 - (0 - -3)). Suppose -102 - h = -3*j. Calculate the highest common factor of 105 and j.
21
Let a(i) = i**2 + 2*i**2 - i**2 - 4*i**2 - 8*i + 7 + i**3. Let r be a(5). Calculate the highest common factor of 6 and r.
6
Let a be 75/(-4)*(-8)/(4/4). Let q = 211 + -151. What is the highest common factor of q and a?
30
Suppose n - 4 = 2*p - p, 0 = -2*n - 2*p - 4. Suppose -g + n = -3. Calculate the greatest common factor of 28 and g.
4
Let d be ((-33)/6)/((-1)/2). What is the greatest common factor of 77 and d?
11
Suppose -4*t + t = -66. Let x = 26 + t. Suppose -5*k = c - 55, c - 6*c - 73 = -4*k. Calculate the highest common divisor of k and x.
12
Suppose -5*d + 22 = -3*p + p, 0 = d - 2*p - 6. What is the greatest common factor of 4 and d?
4
Let j(n) be the first derivative of -3*n**2/2 + 2*n - 1. Let c be j(-2). What is the highest common factor of 56 and c?
8
Suppose 21 - 291 = -3*m. Let s = m + 108. Calculate the highest common divisor of s and 22.
22
Suppose 0 = -3*r - 0*r + 297. What is the greatest common factor of r and 9?
9
Let i(t) = -2*t - 7. Let a be i(-5). Let g = 12 - 12. Suppose -c + z + 17 = g, -78 = -5*c + z - a*z. Calculate the greatest common factor of c and 8.
8
Suppose -2*l = -4*x + 69 - 15, 0 = 2*x + l - 21. Calculate the greatest common factor of 4 and x.
4
Suppose 5*s + 4 = g, 5*g + 2*s - 72 = s. What is the greatest common divisor of 35 and g?
7
Suppose 0*u + 10 = 5*u. Let p be 1/u - 150/(-4). Suppose j + 11 = o, 4*o + 4*j - p = -10. Calculate the highest common factor of o and 9.
9
Suppose -4*b + u - 232 = -2*u, b - u = -58. Let n = b - -86. Suppose 2*w - 14 = -0*w. What is the highest common divisor of w and n?
7
Let j = -35 + 64. Suppose 0 = -2*u + 2*d + 60, 2*u + 0*u - 4*d = 62. What is the highest common factor of j and u?
29
Let z = -2 + 23. What is the highest common divisor of 189 and z?
21
Let f(d) = 15*d**2 + d - 2. Let s be f(-2). Calculate the highest common factor of s and 14.
14
Let v be (-2)/3 + 29/3. Let l(a) = -10*a - 3. Let j be l(-3). Calculate the greatest common divisor of j and v.
9
Suppose -5*f - 20 = -7*f. Let m be (f/4 - 3)*-56. Calculate the highest common factor of m and 4.
4
Suppose m - 56 = -5*u + 101, -137 = -4*u + 3*m. What is the highest common factor of 4 and u?
4
Let u be (1 - 0)*(2 + 110). Let z be 19 - 2 - ((-1 - 1) + 3). Calculate the greatest common factor of u and z.
16
Suppose 4*s = -12, -2*v + 2*s = -v - 7. Let l = 10 + -7. What is the greatest common divisor of l and v?
1
Suppose -4*h + 5 = -3. Let c(v) = -1 + 3*v**3 - 4*v - 4*v**3 - 3*v**h - 3. Let z be c(-3). What is the highest common factor of 8 and z?
8
Let n be 10 - -6*(3 - (-20)/(-8)). What is the greatest common factor of 65 and n?
13
Suppose -5*o = 17 - 82. Suppose -4*d = -5*g - 223, -11*d + 7*d + 4*g + 220 = 0. Calculate the highest common factor of d and o.
13
Suppose -5*c = 1 - 11. Suppose 4*u = 5*u - c. Suppose -3*w + 38 = -u*j, 5 = w + j - 6. Calculate the highest common factor of w and 18.
6
Let c be 2*((-2)/1 - -6). Let a = -22 - -24. Calculate the greatest common divisor of c and a.
2
Suppose -166 = -0*x - 2*x. Let b = x + 1. What is the highest common factor of b and 12?
12
Let n(o) = 8*o - 4*o + 2 + 2 + o**2. Let m be -2 - 0 - (3 - -1). Let q be n(m). Calculate the highest common factor of 128 and q.
16
Let u(v) = 2*v**2 - 1